= -154*b. Let c be 6/(-9)*2154/(-4). Suppose 0 = 5*q + 10, -c = 3*m + s*q - 1204. What is the hundreds digit of m?
2
Let s be (1 + -4)*((-340)/6 + 2). Suppose 0*k = k - 4. Suppose 0 = -0*n + 2*n - k*h - s, 404 = 5*n - 4*h. What is the units digit of n?
0
Let i be -2*(-5)/(-20)*-192. Suppose 2*k = k - 48. Let o = i + k. What is the tens digit of o?
4
Let t be (195/(-130))/((-3)/10). Let q(o) = o**2 - 5*o + 6. Let v be q(4). Suppose -k - t*y = 0, 5*k - 4*y - 108 = -v*y. What is the tens digit of k?
2
What is the hundreds digit of (2/(-3) - 44/6) + 1913?
9
Let f(h) = -117*h - 46. Let r be f(-44). Suppose 18*v - 15*v = -2*n + 2048, 5*n - r = -3*v. What is the thousands digit of n?
1
What is the units digit of -7 + 227472/18 - (-3)/(-9)?
0
Let o(b) = b**3 + 3*b**2 + 6*b + 1. Let c be o(-3). Let s = -12 - c. What is the tens digit of 228 + -1*(s + -7 + 3)?
2
Let j be 4/(-6) + (-14)/(-3). Let a(c) = -c**3 - 6*c**2 - 2*c - 10. Let t be a(-6). Suppose l - j = t. What is the units digit of l?
6
Suppose -12*j = -8*j + 28, 0 = -3*q - 2*j + 66904. What is the tens digit of q?
0
Let q(x) = -109*x - 72. Let b be q(21). What is the hundreds digit of 1/(-3)*b + 4?
7
Let m(l) = -1192*l - 7717. What is the thousands digit of m(-10)?
4
Let n = 260 - 148. Let m = -76 + n. What is the units digit of 3264/m + 2/(-3)?
0
Let s(j) = -j**3 + 9*j**2 - 15*j + 13. Let a be s(7). Suppose a = -2*q, -6*q + 2*q = -3*w + 1119. What is the hundreds digit of w?
3
Let a(j) = -4*j**3 + 7*j**2 - 11*j - 18. Let l be a(7). What is the tens digit of l*1*15/(-12)?
0
Let s = -17 + 71. What is the tens digit of 14/(-63) - (-7788)/s?
4
Let f = 261 - 257. What is the tens digit of 2326/f + 5/((-70)/21)?
8
Let v(x) = 30*x**2 - 3*x - 2. Let j be v(-1). Suppose 4*m = z + 2*z - j, 0 = -m - 4. Suppose z*a + 9 = 5*y - 46, 0 = 4*y + a - 59. What is the tens digit of y?
1
Let z be (111/(-2) - -1)/(29/58). Let b = 464 + z. What is the tens digit of b?
5
Suppose 17030 = -45*f + 55*f. Suppose 5*p - 57 - f = 0. What is the hundreds digit of p?
3
Let m = 11674 + -3199. Suppose -8*f = 411 - m. Suppose 5*g - 1688 = -o - 420, 4*g + 4*o - f = 0. What is the hundreds digit of g?
2
Suppose 4*t = -5*d + 5*t + 645, -5*d + 4*t = -630. Suppose -133*z + 399 = -d*z. Suppose -4*w = 3*w - z. What is the tens digit of w?
1
Let b be ((-46)/(-69))/(8/396). What is the tens digit of 4 + (-126)/b - (-42120)/55?
6
Let s = -13493 + 66588. What is the hundreds digit of s?
0
Let h = -17879 + 32416. What is the ten thousands digit of h?
1
Suppose 3*l + l = -f - 10, 3*f + l - 3 = 0. Let s(y) = 1 - 7 + 9*y + 7 - f + 3*y**2. What is the tens digit of s(-7)?
8
Let y(a) = a**3 + 7*a**2 - 2*a - 11. Let v be y(-7). Suppose 3*x = -4*d + 12, 2*d + 0*d = v*x + 6. Suppose 0*c = d*c - 351. What is the tens digit of c?
1
Let r be (-346)/5 + (-3 - 48/(-15)). Let d = r - -157. Suppose -4*j - 111 = -2*y - 7*j, y - 5*j - d = 0. What is the tens digit of y?
6
Suppose 0 = 448*f - 14910758 - 9402202. What is the units digit of f?
0
Suppose 0*q = -3*q + 13110. Suppose -c + q = 5*a + 1055, -3*c + 677 = a. What is the hundreds digit of a?
6
Let a = -237 - -234. What is the units digit of 836 - (7 + a + -8)?
0
Let l = 59 - 44. Let o(c) = -2*c + c**2 - 8 - 10 - 4. What is the units digit of o(l)?
3
Let o be (1 - (2 - 3))/((-3)/42). Let h be (-350)/o + 2/(-4). What is the hundreds digit of (152/h)/(2/21)?
1
Suppose 0 = 6*f - f + 60. Let b(s) be the second derivative of s**4/12 + 5*s**3/6 + 27*s**2/2 + 2*s - 360. What is the units digit of b(f)?
1
Suppose -5*d + 485*c - 490*c + 155425 = 0, c = -3*d + 93247. What is the ten thousands digit of d?
3
Suppose 3*t - 6162 = 2*o + 8019, -2*t - 5*o = -9473. What is the thousands digit of t?
4
What is the hundreds digit of 172437/1004*56/6?
6
Let z(j) = 2*j + 24. Let h be z(-4). Let i(a) = 2*a**3 - 30*a**2 - 17*a - 12. What is the tens digit of i(h)?
2
Suppose -3*r = 2*q - 528, r - 3*q = 113 + 63. Suppose r = b - 37. What is the hundreds digit of b?
2
Let z = 721 - -2795. Suppose z = 34*t - 9472. What is the units digit of t?
2
Suppose 17*f + 7*f = -5800 + 136024. What is the tens digit of f?
2
Suppose -28415 = -4*a - y, 0*a + 3*y - 14215 = -2*a. What is the tens digit of a?
0
Suppose -240*u + 97 = -241*u. Let t = u + 101. Suppose -1104 = -4*l + t*o, 0 = 5*l + 4*o - 2*o - 1366. What is the hundreds digit of l?
2
Let f(a) = 21*a**2 - 25*a - 211. Let y be f(-10). Let p = -1063 + y. What is the thousands digit of p?
1
Let f(d) = 2*d**2 + 84*d + 5. Let p be f(-42). Suppose 71*g + 443 = 72*g - p*j, -g + 2*j + 458 = 0. What is the hundreds digit of g?
4
Suppose 3142 - 942 = 8*n. What is the tens digit of (-83)/(-8 + n/35)?
8
Let h be -5 + ((-216)/(-84))/((-2)/(-7)). Suppose -3*a = -9, 3*a - 30 = -h*j + 267. What is the tens digit of j?
7
Suppose 5*g - 5*i + 0*i - 15 = 0, -4*g + 3 = 5*i. Let o be 55 + (0/(-6))/(g/(-2)). Let t = 122 - o. What is the units digit of t?
7
Let p be 3/(-9) - 19/(-3). Let c(h) = -259 + 8*h**2 - 4*h - h**3 + 543 - 272. What is the tens digit of c(p)?
6
Let m(q) be the third derivative of -1/3*q**3 - 1/24*q**4 + 0 - 5*q**2 + 0*q + 7/60*q**5. What is the tens digit of m(-2)?
2
What is the hundreds digit of 727911/93 - (-14)/(-2)?
8
Let x = 892 + 4680. What is the thousands digit of x?
5
Suppose -74174 = -4*m - 11813 + 72947. What is the hundreds digit of m?
8
Suppose 5*q - b - 7 = 0, -q + 9 - 1 = 2*b. Suppose -267 = -q*o - 5*g - 55, 0 = -2*o + 2*g + 226. What is the units digit of o?
1
Let c = 539 - 356. Let r = c - -44. What is the hundreds digit of r?
2
Suppose -1624 = -3*o + 887. Let t = o - 459. What is the tens digit of t?
7
What is the ten thousands digit of (-3258918)/(-52) + (-36)/(-24)?
6
Suppose 0 = -0*l - 3*l + 6. Suppose 0 = -l*r + 76 + 666. What is the hundreds digit of r?
3
Let r(t) = 15*t**3 + t**2 - 45*t + 142. What is the hundreds digit of r(5)?
8
Suppose -2*k = -f - 70969, 66*k = 71*k + 2*f - 177454. What is the tens digit of k?
8
What is the thousands digit of (-282260)/(-8) - 201/(-134)?
5
Suppose i - 3248 = -4*s, 507 = 5*s + 3*i - 3553. Let w = s + -578. What is the units digit of w?
4
Let o = -19 - -22. Let c(g) = 2*g**2 + 29*g**o - 8*g**2 - 4 - 7*g - 30*g**3. What is the units digit of c(-6)?
8
Let a = -827 + 11059. What is the tens digit of a?
3
Suppose -942 = -4*y - 406. Let n be 1 + -2 + 3 + -52. Let s = y + n. What is the tens digit of s?
8
Let c = 33680 - -838. What is the thousands digit of c?
4
Let x be (0 - (1 + 2))*9*1. Let s be (6/9)/((-2)/x + 0). Suppose 988 = s*r - 5*r. What is the hundreds digit of r?
2
Suppose 321699 = 72*m - 58389. What is the thousands digit of m?
5
Let d(q) = -q - 13. Let i be d(-15). Suppose m + k = 573, i*k - 1784 = -4*m + 506. What is the hundreds digit of m?
5
Suppose 2*x + 3*x - 507 = -3*o, -x = 0. Let k = -162 + 67. Let r = k + o. What is the units digit of r?
4
Suppose -11073 = 25*s - 73823. Suppose -784 = -9*a + s. What is the hundreds digit of a?
3
Let l(x) = 7793*x - 2324. What is the thousands digit of l(3)?
1
Let p = -177 + 169. Let j(h) = -60*h - 37. What is the hundreds digit of j(p)?
4
Let y be (-480)/(-3) - (4 + -8). Let j(h) = -316 + 164 + 4*h + 3*h**2 + y + 8*h. What is the units digit of j(-8)?
8
Suppose -26 = -4*g - 14. What is the tens digit of (13/g)/(5/2400*8)?
6
Let o(g) = -g**3 - 14*g**2 - 4*g + 3. Let k = -1 + -14. Let d be o(k). Suppose 3*a = 5*b + d, 5*a + b - 5*b = 467. What is the tens digit of a?
9
Let i(w) = w**3 + w**2 - 1. Let j(v) = 10*v**3 + 5*v**2 - 13*v + 2. Let g(y) = -4*i(y) + j(y). What is the units digit of g(5)?
6
Let b = -26150 + 49095. What is the units digit of b?
5
Let i(n) be the second derivative of n**4/3 - n**2/2 - 13*n. Let w be i(-1). What is the units digit of (w + -2)/(-3) + 512/24?
1
Suppose 42*k = 51*k - 43*k + 1268234. What is the tens digit of k?
0
Let a = 14 + 73. Suppose a*s - 92*s = -1255. Let z = s - 57. What is the units digit of z?
4
Let x(k) = -2238*k - 595. What is the thousands digit of x(-7)?
5
Let m = -410 - -414. Suppose m*i - 2299 = -f, 3*i + 21*f - 1716 = 23*f. What is the units digit of i?
4
Let q be 10/(-35) - 15812/28. Let f = q - -693. What is the tens digit of f?
2
Let m(j) = -j**3 - 3*j**2 - 3*j - 7. Let l be m(-5). Suppose 0 = 4*o + l + 98. Let u = 140 - o.